1. Let q = c - -24. List the prime factors of 18 - (-4 + (q - -4)).
2, 3
Suppose -25 = -b - 4*n, n + 7 = -2*b + 22. Suppose b*l = 1975 + 1050. What are the prime factors of l?
5, 11
Let j(m) = 9057*m**3 + 8*m**2 - 11*m + 3. What are the prime factors of j(1)?
3, 3019
Let d be (85/(-34))/(((-2)/1)/168). What are the prime factors of (d + 0)/(15/30)?
2, 3, 5, 7
Suppose 4*c + y - 17 = 0, -16 = 3*c - 10*y + 5*y. Suppose -4*o = -j + 202 - 898, c*o = 5*j + 539. What are the prime factors of o?
173
Suppose 2*s + 116 = -3*t, 0 = -5*t - 3*s + 27 - 220. Suppose -x = -108 - 23. Let a = t + x. List the prime factors of a.
3, 31
Let s(u) = 329*u**2 - 41*u - 315. List the prime factors of s(-8).
3, 2341
Suppose 0*n - n = -2*i + 25, -4*i + 20 = 4*n. Suppose -4*y = -3*y - g - 7, 0 = 2*g + i. Suppose -y*c + 53 = 15. What are the prime factors of c?
19
Let t = 11785 + 5090. List the prime factors of t.
3, 5
Let i = -18466 + 32682. What are the prime factors of i?
2, 1777
Let c = -268 + 270. List the prime factors of c/9 - (-5610)/27.
2, 13
Suppose -y = -0 - 2, -2*n = 2*y - 10. Suppose 15*q - n*q = 132. Suppose -q*f + 500 = -9*f. List the prime factors of f.
2, 5
Let n = 399 - 392. Suppose 0 = n*v - 371 - 637. List the prime factors of v.
2, 3
Let q(g) = -200*g + 175. Let j(y) = 2*y**2 - 11*y + 9. Let a be j(2). List the prime factors of q(a).
5, 47
Suppose 27*l - 5*l - 2904 = 0. Suppose 115 = 137*x - l*x. List the prime factors of x.
23
Suppose 0 = -2*q - 58 + 54. What are the prime factors of -4 + (1512/(-20))/(q/10)?
2, 11, 17
Let z(n) = -n**3 - 21*n**2 - 15*n + 103. Let a be z(-20). List the prime factors of (-1648 - (-6)/a)*6/(-12).
823
List the prime factors of ((-22976)/(-12))/(1*8/84).
2, 7, 359
Let r(g) = 13466*g**2 + 571*g + 571. List the prime factors of r(-1).
2, 6733
Suppose 59*w - 7 = 52*w. What are the prime factors of 221 + w/(3/(-6))?
3, 73
What are the prime factors of 10/15 - (-5)/(-15)*-61138?
2, 5, 1019
Let t = 473 + 745. Suppose -4*a = i - 966, 0*a + 4*i + t = 5*a. Suppose 0*m - 5*b - 419 = -2*m, -m + a = 4*b. List the prime factors of m.
2, 3, 37
Let a be -1*(1 + -2 - -1). Suppose -4*y + 12 = -a, -2*i - 5*y = 31. Let x = i - -35. What are the prime factors of x?
2, 3
Let v(x) = -95*x - 5. Let t be v(-9). Suppose 0 = -7*m + 12*m + t. What are the prime factors of 2/((-5)/m*(-1 + 5))?
17
Suppose 11*w - 10*w = -d - 8, 0 = -2*w - d - 11. Let i(f) = -227*f - 18. What are the prime factors of i(w)?
3, 13, 17
Let c(d) = d**2 - 10*d + 4. Let x be c(10). Let q be 4 - 742/21*(-5 + 2). Suppose 0 = -x*u - 2*t + q, -u + t = 2*u - 80. List the prime factors of u.
3
Let l be (-4)/(-5 - 255/(-55)). What are the prime factors of (23/(-3))/(l/(-759))?
23
Let h = -683 + 219. What are the prime factors of -6 + (6 + -5 - h)?
3, 17
Suppose -259160 = -231*i + 191*i. List the prime factors of i.
11, 19, 31
Suppose -133*o - 3320 = -141*o. List the prime factors of o.
5, 83
Suppose 641160 + 191696 = 100*r - 168944. What are the prime factors of r?
2, 5009
Suppose 4*o + 14*o = 684. Let p = o + 279. What are the prime factors of p?
317
Suppose -g + 2*y = -6237, -8993 = -5*g - 2*y + 22228. What are the prime factors of g?
3, 2081
Let f(m) = m**2 - 17*m - 17. Let b be f(18). Suppose z = 0, -2*y + b = -3*z - 137. Let a = -20 + y. What are the prime factors of a?
7
Let t(s) = 2322*s**2 - 2*s + 1. Let j be t(1). Suppose 2327*z - j*z = 3240. What are the prime factors of z?
2, 3, 5
Let r = -108 + 90. What are the prime factors of r/99 + 5095/11?
463
Suppose 0 = 17*q - 14*q - 15. Suppose -1635 = -q*i + 5*k, -2*i - 3*i + 2*k + 1623 = 0. List the prime factors of i.
17, 19
Suppose 0*g - 20 = -5*g. Suppose 0 = -g*u - 4*k - 608, 4*k - 760 = -0*u + 5*u. List the prime factors of u/(-32) + 9/(-12).
2
Let r = 14420 - 6495. List the prime factors of r.
5, 317
Let w = -6 - -11. Suppose 6 = 30*i + 6. Suppose -4*m + w*g = -103, i*m + 59 = 2*m - 5*g. List the prime factors of m.
2, 11
Suppose -3839 = -2*m + 3*l, 0 = m - 2*m - 3*l + 1897. Suppose 5*d = 168 + m. What are the prime factors of d?
2, 13
Let w(g) = -105*g - 1094. What are the prime factors of w(-17)?
691
List the prime factors of 1/((-2)/(-176))*584/16.
2, 11, 73
Let q = 77 - 38. Suppose -5*l = 5*r + 41 + 9, -2*l - r = 21. Let f = q + l. What are the prime factors of f?
2, 7
Let z(f) = -2*f**3 - 98*f**2 - 26*f + 267. List the prime factors of z(-50).
3, 11, 199
Let h = -2412 + 7475. What are the prime factors of h?
61, 83
Let g(w) = w**2 + 5*w + 19. Let q be g(-3). Suppose p = 4*f - 2559, 14*f - q*f - 648 = 3*p. List the prime factors of f.
3, 71
Let r(l) = -97*l + 102. Suppose 39*a - 26 = -299. What are the prime factors of r(a)?
11, 71
Let x = -77 - -85. Suppose -2*k = -6*k + x. Let m = k + 25. What are the prime factors of m?
3
Let a = 20773 + -10370. List the prime factors of a.
101, 103
Let u = 119 + -119. Suppose -g - 3*p + 146 = -p, u = -4*g - 5*p + 590. What are the prime factors of 14*(g/12 + -2)?
3, 7
What are the prime factors of (38/(-10))/(3/(-24))*(-8975)/(-10)?
2, 19, 359
Let c = 177 - 184. List the prime factors of (21/c - -47)*47.
2, 11, 47
Suppose 32*i = -182*i + 3459622 - 1317054. What are the prime factors of i?
2, 2503
Suppose -68*d + 66*d - 4 = 0, -4*s - d = -24118. What are the prime factors of s?
2, 3, 5, 67
Let q(m) = -6*m + 5257. List the prime factors of q(-101).
11, 13, 41
Let y be 1326/(-10) + 2/(-5). Let g(o) = -27*o**2 + 16*o + 54. Let u be g(-3). Let l = y - u. List the prime factors of l.
2, 13
Let k(q) = -2*q**3 - 8*q**2 - 5*q - 19. Let h be k(-9). Suppose -4*l - 4*y + h = -8*y, -3*y = 3*l - 651. What are the prime factors of l?
3, 71
Let g = 1130 + -521. Suppose -5*n = -c - 2*c - g, -5*n - 5*c = -625. Suppose -307 = -4*w - n. What are the prime factors of w?
2, 23
Suppose -t + 134 = 2*f + 47, -62 = -2*f + 4*t. Suppose f*m = 3*m + 11400. What are the prime factors of m?
2, 3, 5
Suppose 342*q - 20037527 = -6502193. List the prime factors of q.
19, 2083
Suppose -y + 4*y + 4*d + 943 = 0, 2*d = 4*y + 1272. What are the prime factors of (y/2)/(5 - 66/12)?
317
Suppose -2*o + 4*f = 22 + 22, 36 = -4*o - 5*f. List the prime factors of (-2)/(-3)*(43 - o).
2, 19
Let n(a) = -3*a - 11. Let h be n(-5). Let y(w) = 2*w**3 + 4*w**2 - 7*w - 2. What are the prime factors of y(h)?
2, 3
Let p(j) = -2*j**2 + 0*j**3 + 4*j**3 - 3*j**3 + 46*j - 42*j - 4. Let v be p(2). Suppose -112 = v*a - 628. List the prime factors of a.
3, 43
Let z = 38622 + 1343. List the prime factors of z.
5, 7993
Let x(d) = d**2 - 12*d + 20. Let f be x(10). Suppose f = -v + 3*q - 7, -4*v - 5*q + 5 = -9*v. Suppose 92 = -0*j + v*j. List the prime factors of j.
2, 23
Let o be ((-21)/49)/((-1)/7). Suppose 13 - 7 = o*t. Suppose f - b = 125, t*f + 69 = b + 319. What are the prime factors of f?
5
Let j(s) = 10*s**3 + 2*s - 1. Let q be (-7)/(-2) + 15/(-10). Let w be j(q). Suppose -3*y = 4*f - 125, 2*y - 31 = 5*f + w. List the prime factors of y.
47
Let o(d) = -d**2 + 8*d - 7. Let p be o(7). Let b = 498 - 495. Suppose p*s + 2*s + 3 = 3*u, 5*u = b*s + 6. List the prime factors of s.
3
Let w(o) = 29*o**2 + 5*o - 138. List the prime factors of w(-21).
2, 3, 17, 41
Let k be (-41 - -40)/((-1)/(-23) + 0). Let f = k - -260. What are the prime factors of f?
3, 79
Suppose -2 = 2*d - 6, 2*d = -5*b - 111. Let i = 26 + b. Suppose -i*u + 400 = t, -4*t - 10 = t. List the prime factors of u.
2, 67
Suppose -4 = -2*i + i. Suppose -i*x + 8 = -0. Suppose 3*q + z = q + 64, 0 = q + x*z - 38. List the prime factors of q.
2, 3, 5
Let c = -943 + 673. Let q be -2 - (4 + -1 + c). Suppose v - 85 = 3*j, q = 4*v + 4*j - j. List the prime factors of v.
2, 5, 7
Suppose 16 = -4*q, 4*b - 47696 = 26*q - 31*q. List the prime factors of b.
79, 151
Let z = 14905 - 5417. What are the prime factors of z?
2, 593
Suppose -4*b + 5*v - 108 = 40, -b - 3*v - 54 = 0. Let n(g) = -g**3 + 4*g**2 + 6*g + 1. Let p be n(6). List the prime factors of -3 + b/(-15) + (-6482)/p.
5, 37
Suppose -2*n + u - 8 = -25, 2*n = 4*u + 26. Suppose 0 = n*r + 112 - 889. What are the prime factors of r?
3, 37
List the prime factors of 2/(-3) - 2*7465/(-30).
7, 71
Suppose 4*m + 3*w - 227898 = 0, -7*m = -12*m - w + 284856. List the prime factors of m.
2, 3, 5, 211
Let x(y) = -y**3 - 7*y**2 + 10*y - 1. Let a be x(-7). 